{"id":4644,"date":"2022-09-20T10:44:26","date_gmt":"2022-09-20T08:44:26","guid":{"rendered":"https:\/\/visionale-leipzig.de\/?post_type=dt_team&#038;p=4644"},"modified":"2025-09-22T10:34:18","modified_gmt":"2025-09-22T08:34:18","slug":"julia-pueschel","status":"publish","type":"dt_team","link":"https:\/\/visionale-leipzig.de\/ls\/dt_team\/julia-pueschel\/","title":{"rendered":"Julia P\u00fcschel"},"content":{"rendered":"<p>Ich bin Julia, Medienp\u00e4dagogin und Fan von Kreativit\u00e4t. Mit der VISIONALE bin ich schon seit 2016 verbunden, da ich seitdem an der Show hinter den Kulissen mitgearbeitet habe. Von 2021 bis letztes Jahr durfte ich die VISIONALE sogar leiten. In diesem Jahr   freue ich mich sehr darauf, eure Werke mal aus der Jury-Perspektive anschauen, anh\u00f6ren und ausprobieren zu d\u00fcrfen.<\/p>\n","protected":false},"excerpt":{"rendered":"<p>Ich bin Julia, Medienp\u00e4dagogin und Fan von Kreativit\u00e4t. Mit der VISIONALE bin ich schon seit 2016 verbunden, da ich seitdem an der Show hinter den Kulissen mitgearbeitet habe. Von 2021 bis letztes Jahr durfte ich die VISIONALE sogar leiten. In diesem Jahr freue ich mich sehr darauf, eure Werke mal aus der Jury-Perspektive anschauen, anh\u00f6ren&hellip;<\/p>\n","protected":false},"featured_media":8638,"comment_status":"closed","ping_status":"closed","template":"","dt_team_category":[36],"class_list":["post-4644","dt_team","type-dt_team","status-publish","has-post-thumbnail","hentry","dt_team_category-jury-medienstarter","dt_team_category-36","description-off"],"translation":{"provider":"WPGlobus","version":"3.0.2","language":"ls","enabled_languages":["de","ls"],"languages":{"de":{"title":true,"content":true,"excerpt":false},"ls":{"title":false,"content":false,"excerpt":false}}},"aioseo_notices":[],"_links":{"self":[{"href":"https:\/\/visionale-leipzig.de\/ls\/wp-json\/wp\/v2\/dt_team\/4644","targetHints":{"allow":["GET"]}}],"collection":[{"href":"https:\/\/visionale-leipzig.de\/ls\/wp-json\/wp\/v2\/dt_team"}],"about":[{"href":"https:\/\/visionale-leipzig.de\/ls\/wp-json\/wp\/v2\/types\/dt_team"}],"replies":[{"embeddable":true,"href":"https:\/\/visionale-leipzig.de\/ls\/wp-json\/wp\/v2\/comments?post=4644"}],"wp:featuredmedia":[{"embeddable":true,"href":"https:\/\/visionale-leipzig.de\/ls\/wp-json\/wp\/v2\/media\/8638"}],"wp:attachment":[{"href":"https:\/\/visionale-leipzig.de\/ls\/wp-json\/wp\/v2\/media?parent=4644"}],"wp:term":[{"taxonomy":"dt_team_category","embeddable":true,"href":"https:\/\/visionale-leipzig.de\/ls\/wp-json\/wp\/v2\/dt_team_category?post=4644"}],"curies":[{"name":"wp","href":"https:\/\/api.w.org\/{rel}","templated":true}]}}

Julia Püschel

<p>Ich bin Julia, Medienpädagogin und Fan von Kreativität. Mit der VISIONALE bin ich schon seit 2016 verbunden, da ich seitdem an der Show hinter den Kulissen mitgearbeitet habe. Von 2021 bis letztes Jahr durfte ich die VISIONALE sogar leiten. In diesem Jahr   freue ich mich sehr darauf, eure Werke mal aus der Jury-Perspektive anschauen, anhören und ausprobieren zu dürfen.</p>

<p>Ich bin Julia, Medienpädagogin und Fan von Kreativität. Mit der VISIONALE bin ich schon seit 2016 verbunden, da ich seitdem an der Show hinter den Kulissen mitgearbeitet habe. Von 2021 bis letztes Jahr durfte ich die VISIONALE sogar leiten. In diesem Jahr freue ich mich sehr darauf, eure Werke mal aus der Jury-Perspektive anschauen, anhören&hellip;</p>
