{"id":4323,"date":"2022-02-17T11:46:20","date_gmt":"2022-02-17T10:46:20","guid":{"rendered":"https:\/\/visionale-leipzig.de\/?post_type=mec-events&#038;p=4323"},"modified":"2022-06-15T10:16:57","modified_gmt":"2022-06-15T08:16:57","slug":"7-cybergrooming","status":"publish","type":"mec-events","link":"https:\/\/visionale-leipzig.de\/ls\/fachtag-2026\/7-cybergrooming\/","title":{"rendered":"Workshop: &#8220;Cybergrooming&#8221;"},"content":{"rendered":"<h2><strong>Variante 1 \u201eCybergrooming\u201c<\/strong><\/h2>\n<p>Bel\u00e4stigende Kommentare, Aufforderungen zu sexuellen Handlungen und Nachrichten mit dem Ziel, sexuelle Kontakte anzubahnen sind leider keine Seltenheit. All dies vereint der Begriff \u201eCybergrooming\u201c.<br \/>\nAuf welche Weise Cybergrooming stattfindet, wie sich Kinder und Jugendliche selbst helfen, wenn sie betroffen sind, und mit welchen Methoden eine Sensibilisierung bei Kindern und Jugendlichen m\u00f6glich ist, beantworten wir in unserem Workshop \u2013 interaktiv, aufschlussreich und vielf\u00e4ltig.<\/p>\n<p>&nbsp;<\/p>\n<p><strong>Dieser Workshop ist Teil der Teilnahmevariante 1 (Pr\u00e4senz)<\/strong>: Die Teilnehmer*innen treffen sich in den R\u00e4umlichkeiten der Workshopanbieter*innen, verfolgen gemeinsam die Impulsvortr\u00e4ge (online), nehmen an der Diskussion teil und gehen anschlie\u00dfend <strong>vor Ort<\/strong> in den jeweiligen Workshop. Ein Ortswechsel ist nicht n\u00f6tig.<\/p>\n","protected":false},"excerpt":{"rendered":"<p>Variante 1 \u201eCybergrooming\u201c Bel\u00e4stigende Kommentare, Aufforderungen zu sexuellen Handlungen und Nachrichten mit dem Ziel, sexuelle Kontakte anzubahnen sind leider keine Seltenheit. All dies vereint der Begriff \u201eCybergrooming\u201c. Auf welche Weise Cybergrooming stattfindet, wie sich Kinder und Jugendliche selbst helfen, wenn sie betroffen sind, und mit welchen Methoden eine Sensibilisierung bei Kindern und Jugendlichen m\u00f6glich ist,&hellip;<\/p>\n","protected":false},"author":1,"featured_media":4325,"comment_status":"closed","ping_status":"closed","template":"","tags":[],"mec_category":[76],"class_list":["post-4323","mec-events","type-mec-events","status-publish","has-post-thumbnail","hentry","mec_category-fachtag-medienpaedagogik-2022","description-off"],"translation":{"provider":"WPGlobus","version":"3.0.2","language":"ls","enabled_languages":["de","ls"],"languages":{"de":{"title":true,"content":true,"excerpt":false},"ls":{"title":false,"content":false,"excerpt":false}}},"aioseo_notices":[],"_links":{"self":[{"href":"https:\/\/visionale-leipzig.de\/ls\/wp-json\/wp\/v2\/mec-events\/4323","targetHints":{"allow":["GET"]}}],"collection":[{"href":"https:\/\/visionale-leipzig.de\/ls\/wp-json\/wp\/v2\/mec-events"}],"about":[{"href":"https:\/\/visionale-leipzig.de\/ls\/wp-json\/wp\/v2\/types\/mec-events"}],"author":[{"embeddable":true,"href":"https:\/\/visionale-leipzig.de\/ls\/wp-json\/wp\/v2\/users\/1"}],"replies":[{"embeddable":true,"href":"https:\/\/visionale-leipzig.de\/ls\/wp-json\/wp\/v2\/comments?post=4323"}],"wp:featuredmedia":[{"embeddable":true,"href":"https:\/\/visionale-leipzig.de\/ls\/wp-json\/wp\/v2\/media\/4325"}],"wp:attachment":[{"href":"https:\/\/visionale-leipzig.de\/ls\/wp-json\/wp\/v2\/media?parent=4323"}],"wp:term":[{"taxonomy":"post_tag","embeddable":true,"href":"https:\/\/visionale-leipzig.de\/ls\/wp-json\/wp\/v2\/tags?post=4323"},{"taxonomy":"mec_category","embeddable":true,"href":"https:\/\/visionale-leipzig.de\/ls\/wp-json\/wp\/v2\/mec_category?post=4323"}],"curies":[{"name":"wp","href":"https:\/\/api.w.org\/{rel}","templated":true}]}}

<h2><strong>Variante 1 „Cybergrooming“</strong></h2>
<p>Belästigende Kommentare, Aufforderungen zu sexuellen Handlungen und Nachrichten mit dem Ziel, sexuelle Kontakte anzubahnen sind leider keine Seltenheit. All dies vereint der Begriff „Cybergrooming“.<br />
Auf welche Weise Cybergrooming stattfindet, wie sich Kinder und Jugendliche selbst helfen, wenn sie betroffen sind, und mit welchen Methoden eine Sensibilisierung bei Kindern und Jugendlichen möglich ist, beantworten wir in unserem Workshop – interaktiv, aufschlussreich und vielfältig.</p>
<p>&nbsp;</p>
<p><strong>Dieser Workshop ist Teil der Teilnahmevariante 1 (Präsenz)</strong>: Die Teilnehmer*innen treffen sich in den Räumlichkeiten der Workshopanbieter*innen, verfolgen gemeinsam die Impulsvorträge (online), nehmen an der Diskussion teil und gehen anschließend <strong>vor Ort</strong> in den jeweiligen Workshop. Ein Ortswechsel ist nicht nötig.</p>

<p>Variante 1 „Cybergrooming“ Belästigende Kommentare, Aufforderungen zu sexuellen Handlungen und Nachrichten mit dem Ziel, sexuelle Kontakte anzubahnen sind leider keine Seltenheit. All dies vereint der Begriff „Cybergrooming“. Auf welche Weise Cybergrooming stattfindet, wie sich Kinder und Jugendliche selbst helfen, wenn sie betroffen sind, und mit welchen Methoden eine Sensibilisierung bei Kindern und Jugendlichen möglich ist,&hellip;</p>
