{"id":5291,"date":"2023-04-16T15:47:22","date_gmt":"2023-04-16T13:47:22","guid":{"rendered":"https:\/\/visionale-leipzig.de\/?post_type=mec-events&#038;p=5291"},"modified":"2023-06-05T00:32:01","modified_gmt":"2023-06-04T22:32:01","slug":"workshop-1","status":"publish","type":"mec-events","link":"https:\/\/visionale-leipzig.de\/ls\/fachtag-2026\/workshop-1\/","title":{"rendered":"Postings, Stories, Kurzvideos \u2013 Journalistische Formate auf Sozialen Netzwerken"},"content":{"rendered":"<h2><strong>Variante 1 &#8220;Postings, Stories, Kurzvideos \u2013 Journalistische Formate auf Sozialen Netzwerken&#8221;<\/strong><\/h2>\n<p>Kinder und Jugendliche schalten im seltensten Fall die Tagesschau an, um sich \u00fcber aktuelle gesellschaftliche und politische Themen zu informieren. Stattdessen greifen sie auf die Angebote auf Sozialen und digitale Netzwerken wie TikTok, Instagram und YouTube zu. Doch wie gestaltet sich Journalismus auf diesen Plattformen? Vor welchen Chancen und Herausforderungen stehen die Journalist*innen und wie passen sich die Darstellungsformen an die kurzweiligen Angebote an?<\/p>\n<p>In unserem Workshop wollen wir \u00fcber diese Fragen diskutieren, praktisch die verschiedenen Formate kennenlernen und erarbeiten, wie sich das auch auf die Arbeit mit Kindern und Jugendlichen auswirken kann.<\/p>\n<p>&nbsp;<\/p>\n<p><strong>Dieser Workshop ist Teil der Teilnahmevariante 1 (MIT WORKSHOP)<\/strong>: Die Teilnehmer*innen treffen sich in den R\u00e4umlichkeiten der Workshopanbieter*innen, verfolgen gemeinsam die Impulsvortr\u00e4ge (online), nehmen an der Diskussion teil und gehen anschlie\u00dfend <strong>vor Ort<\/strong> in den jeweiligen Workshop. Ein Ortswechsel ist nicht n\u00f6tig.<\/p>\n","protected":false},"excerpt":{"rendered":"<p>Variante 1 &#8220;Postings, Stories, Kurzvideos \u2013 Journalistische Formate auf Sozialen Netzwerken&#8221; Kinder und Jugendliche schalten im seltensten Fall die Tagesschau an, um sich \u00fcber aktuelle gesellschaftliche und politische Themen zu informieren. Stattdessen greifen sie auf die Angebote auf Sozialen und digitale Netzwerken wie TikTok, Instagram und YouTube zu. Doch wie gestaltet sich Journalismus auf diesen&hellip;<\/p>\n","protected":false},"author":1,"featured_media":5306,"comment_status":"closed","ping_status":"closed","template":"","tags":[],"mec_category":[90],"class_list":["post-5291","mec-events","type-mec-events","status-publish","has-post-thumbnail","hentry","mec_category-fachtag-medienpaedagogik-2023","description-off"],"translation":{"provider":"WPGlobus","version":"3.0.2","language":"ls","enabled_languages":["de","ls"],"languages":{"de":{"title":true,"content":true,"excerpt":false},"ls":{"title":false,"content":false,"excerpt":false}}},"aioseo_notices":[],"_links":{"self":[{"href":"https:\/\/visionale-leipzig.de\/ls\/wp-json\/wp\/v2\/mec-events\/5291","targetHints":{"allow":["GET"]}}],"collection":[{"href":"https:\/\/visionale-leipzig.de\/ls\/wp-json\/wp\/v2\/mec-events"}],"about":[{"href":"https:\/\/visionale-leipzig.de\/ls\/wp-json\/wp\/v2\/types\/mec-events"}],"author":[{"embeddable":true,"href":"https:\/\/visionale-leipzig.de\/ls\/wp-json\/wp\/v2\/users\/1"}],"replies":[{"embeddable":true,"href":"https:\/\/visionale-leipzig.de\/ls\/wp-json\/wp\/v2\/comments?post=5291"}],"wp:featuredmedia":[{"embeddable":true,"href":"https:\/\/visionale-leipzig.de\/ls\/wp-json\/wp\/v2\/media\/5306"}],"wp:attachment":[{"href":"https:\/\/visionale-leipzig.de\/ls\/wp-json\/wp\/v2\/media?parent=5291"}],"wp:term":[{"taxonomy":"post_tag","embeddable":true,"href":"https:\/\/visionale-leipzig.de\/ls\/wp-json\/wp\/v2\/tags?post=5291"},{"taxonomy":"mec_category","embeddable":true,"href":"https:\/\/visionale-leipzig.de\/ls\/wp-json\/wp\/v2\/mec_category?post=5291"}],"curies":[{"name":"wp","href":"https:\/\/api.w.org\/{rel}","templated":true}]}}

<h2><strong>Variante 1 &#8220;Postings, Stories, Kurzvideos – Journalistische Formate auf Sozialen Netzwerken&#8221;</strong></h2>
<p>Kinder und Jugendliche schalten im seltensten Fall die Tagesschau an, um sich über aktuelle gesellschaftliche und politische Themen zu informieren. Stattdessen greifen sie auf die Angebote auf Sozialen und digitale Netzwerken wie TikTok, Instagram und YouTube zu. Doch wie gestaltet sich Journalismus auf diesen Plattformen? Vor welchen Chancen und Herausforderungen stehen die Journalist*innen und wie passen sich die Darstellungsformen an die kurzweiligen Angebote an?</p>
<p>In unserem Workshop wollen wir über diese Fragen diskutieren, praktisch die verschiedenen Formate kennenlernen und erarbeiten, wie sich das auch auf die Arbeit mit Kindern und Jugendlichen auswirken kann.</p>
<p>&nbsp;</p>
<p><strong>Dieser Workshop ist Teil der Teilnahmevariante 1 (MIT WORKSHOP)</strong>: Die Teilnehmer*innen treffen sich in den Räumlichkeiten der Workshopanbieter*innen, verfolgen gemeinsam die Impulsvorträge (online), nehmen an der Diskussion teil und gehen anschließend <strong>vor Ort</strong> in den jeweiligen Workshop. Ein Ortswechsel ist nicht nötig.</p>

<p>Variante 1 &#8220;Postings, Stories, Kurzvideos – Journalistische Formate auf Sozialen Netzwerken&#8221; Kinder und Jugendliche schalten im seltensten Fall die Tagesschau an, um sich über aktuelle gesellschaftliche und politische Themen zu informieren. Stattdessen greifen sie auf die Angebote auf Sozialen und digitale Netzwerken wie TikTok, Instagram und YouTube zu. Doch wie gestaltet sich Journalismus auf diesen&hellip;</p>
