{"id":5298,"date":"2023-04-20T12:00:43","date_gmt":"2023-04-20T10:00:43","guid":{"rendered":"https:\/\/visionale-leipzig.de\/?post_type=mec-events&#038;p=5298"},"modified":"2023-06-05T00:30:28","modified_gmt":"2023-06-04T22:30:28","slug":"workshop-5","status":"publish","type":"mec-events","link":"https:\/\/visionale-leipzig.de\/ls\/fachtag-2026\/workshop-5\/","title":{"rendered":"Praxisworkshop: K\u00fcnstliche Intelligenz (KI)\u00a0in der Medienp\u00e4dagogik"},"content":{"rendered":"<h2><strong>Variante 1 &#8220;Praxisworkshop: K\u00fcnstliche Intelligenz (KI)\u00a0in der Medienp\u00e4dagogik&#8221;<\/strong><\/h2>\n<p>Erst k\u00fcrzlich hat die KI-Entwicklung einen weiteren gro\u00dfen Sprung gemacht. Zu erwarten ist, dass die Auswirkungen auf alle gesellschaftlichen Prozesse bzw. die Medienwelt komplex und tiefgreifend sein werden. Daher muss sich die Medienp\u00e4dagogik gerade jetzt mit den neuen M\u00f6glichkeiten und Fragestellungen im Hinblick auf den Alltag von Kindern und Jugendlichen besch\u00e4ftigen.<\/p>\n<p>Schwerpunkt des Workshops liegt zum einen auf dem Erproben von Tools zur kreativen und aktiven Nutzung in den Bereichen Audio, Video, Text sowie zum anderen\u00a0 in der Diskussion von u.a. ethischen, urheberrechtlichen, p\u00e4dagogischen u.a. Fragen in diesem Kontext. Im Mittelpunkt steht dabei, ob und wie KI innerhalb von p\u00e4dagogischen Prozessen bereits jetzt und zuk\u00fcnftig verstanden, erfahrbar gemacht und eingesetzt werden kann:<\/p>\n<ul>\n<li>Erproben verschiedener KI-basierter Tools f\u00fcr die aktive Medienarbeit<\/li>\n<li>Diskussion verschiedener Aspekte bei der Nutzung von KI in medien-\u00a0 u.a. p\u00e4dagogischen Kontexten<\/li>\n<li>Vernetzung<\/li>\n<\/ul>\n<p><strong>Was ist k\u00fcnstliche Intelligenz?<br \/>\n<\/strong>Laut der KI ChatGPT l\u00e4sst sich K\u00fcnstliche Intelligenz wie folgt definieren: \u201eK\u00fcnstliche Intelligenz\u00a0 ist, wenn Computer dazu programmiert werden, wie Menschen zu denken und zu lernen. KI kann dabei helfen, Dinge wie Bilder zu erkennen, Medien zu produzieren, Sprache zu verstehen oder Entscheidungen zu treffen.\u201c (OpenAI,\u00a02023)<\/p>\n<p>&nbsp;<\/p>\n<p><strong>Dieser Workshop ist Teil der Teilnahmevariante 1 (MIT WORKSHOP)<\/strong>: Die Teilnehmer*innen treffen sich in den R\u00e4umlichkeiten der Workshopanbieter*innen, verfolgen gemeinsam die Impulsvortr\u00e4ge (online), nehmen an der Diskussion teil und gehen anschlie\u00dfend <strong>vor Ort<\/strong> in den jeweiligen Workshop. Ein Ortswechsel ist nicht n\u00f6tig.<\/p>\n","protected":false},"excerpt":{"rendered":"<p>Variante 1 &#8220;Praxisworkshop: K\u00fcnstliche Intelligenz (KI)\u00a0in der Medienp\u00e4dagogik&#8221; Erst k\u00fcrzlich hat die KI-Entwicklung einen weiteren gro\u00dfen Sprung gemacht. Zu erwarten ist, dass die Auswirkungen auf alle gesellschaftlichen Prozesse bzw. die Medienwelt komplex und tiefgreifend sein werden. Daher muss sich die Medienp\u00e4dagogik gerade jetzt mit den neuen M\u00f6glichkeiten und Fragestellungen im Hinblick auf den Alltag von&hellip;<\/p>\n","protected":false},"author":1,"featured_media":5314,"comment_status":"closed","ping_status":"closed","template":"","tags":[],"mec_category":[90],"class_list":["post-5298","mec-events","type-mec-events","status-publish","has-post-thumbnail","hentry","mec_category-fachtag-medienpaedagogik-2023","description-off"],"translation":{"provider":"WPGlobus","version":"3.0.2","language":"ls","enabled_languages":["de","ls"],"languages":{"de":{"title":true,"content":true,"excerpt":false},"ls":{"title":false,"content":false,"excerpt":false}}},"aioseo_notices":[],"_links":{"self":[{"href":"https:\/\/visionale-leipzig.de\/ls\/wp-json\/wp\/v2\/mec-events\/5298","targetHints":{"allow":["GET"]}}],"collection":[{"href":"https:\/\/visionale-leipzig.de\/ls\/wp-json\/wp\/v2\/mec-events"}],"about":[{"href":"https:\/\/visionale-leipzig.de\/ls\/wp-json\/wp\/v2\/types\/mec-events"}],"author":[{"embeddable":true,"href":"https:\/\/visionale-leipzig.de\/ls\/wp-json\/wp\/v2\/users\/1"}],"replies":[{"embeddable":true,"href":"https:\/\/visionale-leipzig.de\/ls\/wp-json\/wp\/v2\/comments?post=5298"}],"wp:featuredmedia":[{"embeddable":true,"href":"https:\/\/visionale-leipzig.de\/ls\/wp-json\/wp\/v2\/media\/5314"}],"wp:attachment":[{"href":"https:\/\/visionale-leipzig.de\/ls\/wp-json\/wp\/v2\/media?parent=5298"}],"wp:term":[{"taxonomy":"post_tag","embeddable":true,"href":"https:\/\/visionale-leipzig.de\/ls\/wp-json\/wp\/v2\/tags?post=5298"},{"taxonomy":"mec_category","embeddable":true,"href":"https:\/\/visionale-leipzig.de\/ls\/wp-json\/wp\/v2\/mec_category?post=5298"}],"curies":[{"name":"wp","href":"https:\/\/api.w.org\/{rel}","templated":true}]}}

Praxisworkshop: Künstliche Intelligenz (KI) in der Medienpädagogik

<h2><strong>Variante 1 &#8220;Praxisworkshop: Künstliche Intelligenz (KI) in der Medienpädagogik&#8221;</strong></h2>
<p>Erst kürzlich hat die KI-Entwicklung einen weiteren großen Sprung gemacht. Zu erwarten ist, dass die Auswirkungen auf alle gesellschaftlichen Prozesse bzw. die Medienwelt komplex und tiefgreifend sein werden. Daher muss sich die Medienpädagogik gerade jetzt mit den neuen Möglichkeiten und Fragestellungen im Hinblick auf den Alltag von Kindern und Jugendlichen beschäftigen.</p>
<p>Schwerpunkt des Workshops liegt zum einen auf dem Erproben von Tools zur kreativen und aktiven Nutzung in den Bereichen Audio, Video, Text sowie zum anderen  in der Diskussion von u.a. ethischen, urheberrechtlichen, pädagogischen u.a. Fragen in diesem Kontext. Im Mittelpunkt steht dabei, ob und wie KI innerhalb von pädagogischen Prozessen bereits jetzt und zukünftig verstanden, erfahrbar gemacht und eingesetzt werden kann:</p>
<ul>
<li>Erproben verschiedener KI-basierter Tools für die aktive Medienarbeit</li>
<li>Diskussion verschiedener Aspekte bei der Nutzung von KI in medien-  u.a. pädagogischen Kontexten</li>
<li>Vernetzung</li>
</ul>
<p><strong>Was ist künstliche Intelligenz?<br />
</strong>Laut der KI ChatGPT lässt sich Künstliche Intelligenz wie folgt definieren: „Künstliche Intelligenz  ist, wenn Computer dazu programmiert werden, wie Menschen zu denken und zu lernen. KI kann dabei helfen, Dinge wie Bilder zu erkennen, Medien zu produzieren, Sprache zu verstehen oder Entscheidungen zu treffen.“ (OpenAI, 2023)</p>
<p>&nbsp;</p>
<p><strong>Dieser Workshop ist Teil der Teilnahmevariante 1 (MIT WORKSHOP)</strong>: Die Teilnehmer*innen treffen sich in den Räumlichkeiten der Workshopanbieter*innen, verfolgen gemeinsam die Impulsvorträge (online), nehmen an der Diskussion teil und gehen anschließend <strong>vor Ort</strong> in den jeweiligen Workshop. Ein Ortswechsel ist nicht nötig.</p>

<p>Variante 1 &#8220;Praxisworkshop: Künstliche Intelligenz (KI) in der Medienpädagogik&#8221; Erst kürzlich hat die KI-Entwicklung einen weiteren großen Sprung gemacht. Zu erwarten ist, dass die Auswirkungen auf alle gesellschaftlichen Prozesse bzw. die Medienwelt komplex und tiefgreifend sein werden. Daher muss sich die Medienpädagogik gerade jetzt mit den neuen Möglichkeiten und Fragestellungen im Hinblick auf den Alltag von&hellip;</p>
