{"id":7983,"date":"2025-03-25T18:57:30","date_gmt":"2025-03-25T17:57:30","guid":{"rendered":"https:\/\/visionale-leipzig.de\/?post_type=mec-events&#038;p=7983"},"modified":"2025-03-26T12:00:32","modified_gmt":"2025-03-26T11:00:32","slug":"workshop-1-enshittification","status":"publish","type":"mec-events","link":"https:\/\/visionale-leipzig.de\/ls\/fachtag-2026\/workshop-1-enshittification\/","title":{"rendered":"Workshop 1: Enshittification &#8211; Der qualitative Verfall sozialer (Mainstream-)Medien und real existierende Alternativen"},"content":{"rendered":"<p>Der Frust \u00fcber die Gesch\u00e4ftspraktiken der gro\u00dfen Social Media Plattformen ist so gro\u00df wie nie.<br \/>\nMit der Wahl Trumps und der Anbiederung\/Beteiligung der Tech Giganten an seine ultrakonservative Politik ist f\u00fcr viele dieser Frust zu Wut und Verzweiflung geworden.<\/p>\n<p>Dies gilt besonders f\u00fcr P\u00e4dagog:innen. K\u00f6nnen wir Kinder\/Jugendliche noch vor den Algorithmen und Inhalten sch\u00fctzen, wenn die Plattformen selbst jede Moderation aufgeben?<br \/>\nOder m\u00fcssen wir uns Alternativen widmen?<br \/>\nDas dezentral organisierte Fediverse bietet mittlerweile Alternativen f\u00fcr fast alle Mainstream-Plattformen.<br \/>\nWir diskutieren gemeinsam verschiedene Perspektiven aus der Arbeit mit Kinder und Jugendlichen, schauen uns die Gr\u00fcnde f\u00fcr den rasenden Verfall an und probieren Alternativen aus.<\/p>\n<p><strong>Workshopleiter:<\/strong><\/p>\n<p><span class=\"ui\" title=\"\" data-html_tooltip=\"akmp-hup4@mpz-leipzig.lernsax.de\">Arne Herkert<\/span>\/ H\u00f6rfunk- und Projektwerkstatt Leipzig e.V.<\/p>\n","protected":false},"excerpt":{"rendered":"<p>Der Frust \u00fcber die Gesch\u00e4ftspraktiken der gro\u00dfen Social Media Plattformen ist so gro\u00df wie nie. Mit der Wahl Trumps und der Anbiederung\/Beteiligung der Tech Giganten an seine ultrakonservative Politik ist f\u00fcr viele dieser Frust zu Wut und Verzweiflung geworden. Dies gilt besonders f\u00fcr P\u00e4dagog:innen. K\u00f6nnen wir Kinder\/Jugendliche noch vor den Algorithmen und Inhalten sch\u00fctzen, wenn&hellip;<\/p>\n","protected":false},"author":1,"featured_media":8172,"comment_status":"closed","ping_status":"closed","template":"","tags":[],"mec_category":[114],"class_list":["post-7983","mec-events","type-mec-events","status-publish","has-post-thumbnail","hentry","mec_category-fachtag-medienpaedagogik-2025","description-off"],"translation":{"provider":"WPGlobus","version":"3.0.2","language":"ls","enabled_languages":["de","ls"],"languages":{"de":{"title":true,"content":true,"excerpt":false},"ls":{"title":false,"content":false,"excerpt":false}}},"aioseo_notices":[],"_links":{"self":[{"href":"https:\/\/visionale-leipzig.de\/ls\/wp-json\/wp\/v2\/mec-events\/7983","targetHints":{"allow":["GET"]}}],"collection":[{"href":"https:\/\/visionale-leipzig.de\/ls\/wp-json\/wp\/v2\/mec-events"}],"about":[{"href":"https:\/\/visionale-leipzig.de\/ls\/wp-json\/wp\/v2\/types\/mec-events"}],"author":[{"embeddable":true,"href":"https:\/\/visionale-leipzig.de\/ls\/wp-json\/wp\/v2\/users\/1"}],"replies":[{"embeddable":true,"href":"https:\/\/visionale-leipzig.de\/ls\/wp-json\/wp\/v2\/comments?post=7983"}],"wp:featuredmedia":[{"embeddable":true,"href":"https:\/\/visionale-leipzig.de\/ls\/wp-json\/wp\/v2\/media\/8172"}],"wp:attachment":[{"href":"https:\/\/visionale-leipzig.de\/ls\/wp-json\/wp\/v2\/media?parent=7983"}],"wp:term":[{"taxonomy":"post_tag","embeddable":true,"href":"https:\/\/visionale-leipzig.de\/ls\/wp-json\/wp\/v2\/tags?post=7983"},{"taxonomy":"mec_category","embeddable":true,"href":"https:\/\/visionale-leipzig.de\/ls\/wp-json\/wp\/v2\/mec_category?post=7983"}],"curies":[{"name":"wp","href":"https:\/\/api.w.org\/{rel}","templated":true}]}}

<p>Der Frust über die Geschäftspraktiken der großen Social Media Plattformen ist so groß wie nie.<br />
Mit der Wahl Trumps und der Anbiederung/Beteiligung der Tech Giganten an seine ultrakonservative Politik ist für viele dieser Frust zu Wut und Verzweiflung geworden.</p>
<p>Dies gilt besonders für Pädagog:innen. Können wir Kinder/Jugendliche noch vor den Algorithmen und Inhalten schützen, wenn die Plattformen selbst jede Moderation aufgeben?<br />
Oder müssen wir uns Alternativen widmen?<br />
Das dezentral organisierte Fediverse bietet mittlerweile Alternativen für fast alle Mainstream-Plattformen.<br />
Wir diskutieren gemeinsam verschiedene Perspektiven aus der Arbeit mit Kinder und Jugendlichen, schauen uns die Gründe für den rasenden Verfall an und probieren Alternativen aus.</p>
<p><strong>Workshopleiter:</strong></p>
<p><span class="ui" title="" data-html_tooltip="akmp-hup4@mpz-leipzig.lernsax.de">Arne Herkert</span>/ Hörfunk- und Projektwerkstatt Leipzig e.V.</p>

<p>Der Frust über die Geschäftspraktiken der großen Social Media Plattformen ist so groß wie nie. Mit der Wahl Trumps und der Anbiederung/Beteiligung der Tech Giganten an seine ultrakonservative Politik ist für viele dieser Frust zu Wut und Verzweiflung geworden. Dies gilt besonders für Pädagog:innen. Können wir Kinder/Jugendliche noch vor den Algorithmen und Inhalten schützen, wenn&hellip;</p>
