{"id":5509,"date":"2023-09-18T10:47:21","date_gmt":"2023-09-18T08:47:21","guid":{"rendered":"https:\/\/visionale-leipzig.de\/wp-content\/uploads\/2022\/06\/Sophie-Orga-und-Jury.jpg"},"modified":"2023-09-18T10:48:47","modified_gmt":"2023-09-18T08:48:47","slug":"sophie-orga-und-jury","status":"inherit","type":"attachment","link":"https:\/\/visionale-leipzig.de\/ls\/dt_team\/leahorn\/sophie-orga-und-jury\/","title":{"rendered":"Sophie Orga und Jury"},"author":1,"featured_media":0,"comment_status":"closed","ping_status":"closed","template":"","meta":[],"class_list":["post-5509","attachment","type-attachment","status-inherit","hentry","description-off"],"translation":{"provider":"WPGlobus","version":"3.0.2","language":"ls","enabled_languages":["de","ls"],"languages":{"de":{"title":true},"ls":{"title":false}}},"aioseo_notices":[],"description":{"rendered":"<p class=\"attachment\"><a href='https:\/\/visionale-leipzig.de\/wp-content\/uploads\/2022\/06\/Sophie-Orga-und-Jury.jpg'><img loading=\"lazy\" decoding=\"async\" width=\"212\" height=\"300\" src=\"https:\/\/visionale-leipzig.de\/wp-content\/uploads\/2022\/06\/Sophie-Orga-und-Jury-212x300.jpg\" class=\"attachment-medium size-medium\" alt=\"Bild von Sophie Mei\u00dfner. Sie tr\u00e4gt einen hellgrauen Pullover und steht vor einem B\u00fccherregal.\" srcset=\"https:\/\/visionale-leipzig.de\/wp-content\/uploads\/2022\/06\/Sophie-Orga-und-Jury-212x300.jpg 212w, https:\/\/visionale-leipzig.de\/wp-content\/uploads\/2022\/06\/Sophie-Orga-und-Jury-724x1024.jpg 724w, https:\/\/visionale-leipzig.de\/wp-content\/uploads\/2022\/06\/Sophie-Orga-und-Jury-768x1086.jpg 768w, https:\/\/visionale-leipzig.de\/wp-content\/uploads\/2022\/06\/Sophie-Orga-und-Jury-1087x1536.jpg 1087w, https:\/\/visionale-leipzig.de\/wp-content\/uploads\/2022\/06\/Sophie-Orga-und-Jury.jpg 1240w\" sizes=\"auto, (max-width: 212px) 100vw, 212px\" \/><\/a><\/p>\n"},"caption":{"rendered":""},"alt_text":"Bild von Sophie Mei\u00dfner. Sie tr\u00e4gt einen hellgrauen Pullover und steht vor einem B\u00fccherregal.","media_type":"image","mime_type":"image\/jpeg","media_details":{"width":1240,"height":1753,"file":"2022\/06\/Sophie-Orga-und-Jury.jpg","filesize":376448,"sizes":{"medium":{"file":"Sophie-Orga-und-Jury-212x300.jpg","width":212,"height":300,"filesize":11836,"mime_type":"image\/jpeg","source_url":"https:\/\/visionale-leipzig.de\/wp-content\/uploads\/2022\/06\/Sophie-Orga-und-Jury-212x300.jpg"},"large":{"file":"Sophie-Orga-und-Jury-724x1024.jpg","width":724,"height":1024,"filesize":94613,"mime_type":"image\/jpeg","source_url":"https:\/\/visionale-leipzig.de\/wp-content\/uploads\/2022\/06\/Sophie-Orga-und-Jury-724x1024.jpg"},"thumbnail":{"file":"Sophie-Orga-und-Jury-150x150.jpg","width":150,"height":150,"filesize":5758,"mime_type":"image\/jpeg","source_url":"https:\/\/visionale-leipzig.de\/wp-content\/uploads\/2022\/06\/Sophie-Orga-und-Jury-150x150.jpg"},"medium_large":{"file":"Sophie-Orga-und-Jury-768x1086.jpg","width":768,"height":1086,"filesize":102928,"mime_type":"image\/jpeg","source_url":"https:\/\/visionale-leipzig.de\/wp-content\/uploads\/2022\/06\/Sophie-Orga-und-Jury-768x1086.jpg"},"thumblist":{"file":"Sophie-Orga-und-Jury-300x300.jpg","width":300,"height":300,"filesize":16564,"mime_type":"image\/jpeg","source_url":"https:\/\/visionale-leipzig.de\/wp-content\/uploads\/2022\/06\/Sophie-Orga-und-Jury-300x300.jpg"},"meccarouselthumb":{"file":"Sophie-Orga-und-Jury-474x324.jpg","width":474,"height":324,"filesize":26967,"mime_type":"image\/jpeg","source_url":"https:\/\/visionale-leipzig.de\/wp-content\/uploads\/2022\/06\/Sophie-Orga-und-Jury-474x324.jpg"},"gridsquare":{"file":"Sophie-Orga-und-Jury-391x260.jpg","width":391,"height":260,"filesize":19079,"mime_type":"image\/jpeg","source_url":"https:\/\/visionale-leipzig.de\/wp-content\/uploads\/2022\/06\/Sophie-Orga-und-Jury-391x260.jpg"},"tileview":{"file":"Sophie-Orga-und-Jury-300x400.jpg","width":300,"height":400,"filesize":19824,"mime_type":"image\/jpeg","source_url":"https:\/\/visionale-leipzig.de\/wp-content\/uploads\/2022\/06\/Sophie-Orga-und-Jury-300x400.jpg"},"1536x1536":{"file":"Sophie-Orga-und-Jury-1087x1536.jpg","width":1087,"height":1536,"filesize":179011,"mime_type":"image\/jpeg","source_url":"https:\/\/visionale-leipzig.de\/wp-content\/uploads\/2022\/06\/Sophie-Orga-und-Jury-1087x1536.jpg"},"cmplz_banner_image":{"file":"Sophie-Orga-und-Jury-350x100.jpg","width":350,"height":100,"filesize":7687,"mime_type":"image\/jpeg","source_url":"https:\/\/visionale-leipzig.de\/wp-content\/uploads\/2022\/06\/Sophie-Orga-und-Jury-350x100.jpg"},"full":{"file":"Sophie-Orga-und-Jury.jpg","width":1240,"height":1753,"mime_type":"image\/jpeg","source_url":"https:\/\/visionale-leipzig.de\/wp-content\/uploads\/2022\/06\/Sophie-Orga-und-Jury.jpg"}},"image_meta":{"aperture":"0","credit":"","camera":"","caption":"","created_timestamp":"0","copyright":"","focal_length":"0","iso":"0","shutter_speed":"0","title":"","orientation":"0","keywords":[]}},"post":4601,"source_url":"https:\/\/visionale-leipzig.de\/wp-content\/uploads\/2022\/06\/Sophie-Orga-und-Jury.jpg","_links":{"self":[{"href":"https:\/\/visionale-leipzig.de\/ls\/wp-json\/wp\/v2\/media\/5509","targetHints":{"allow":["GET"]}}],"collection":[{"href":"https:\/\/visionale-leipzig.de\/ls\/wp-json\/wp\/v2\/media"}],"about":[{"href":"https:\/\/visionale-leipzig.de\/ls\/wp-json\/wp\/v2\/types\/attachment"}],"author":[{"embeddable":true,"href":"https:\/\/visionale-leipzig.de\/ls\/wp-json\/wp\/v2\/users\/1"}],"replies":[{"embeddable":true,"href":"https:\/\/visionale-leipzig.de\/ls\/wp-json\/wp\/v2\/comments?post=5509"}],"wp:attached-to":[{"embeddable":true,"post_type":"dt_team","id":4601,"href":"https:\/\/visionale-leipzig.de\/ls\/wp-json\/wp\/v2\/dt_team\/4601"}],"curies":[{"name":"wp","href":"https:\/\/api.w.org\/{rel}","templated":true}]}}

<p class="attachment"><a href='https://visionale-leipzig.de/wp-content/uploads/2022/06/Sophie-Orga-und-Jury.jpg'><img loading="lazy" decoding="async" width="212" height="300" src="https://visionale-leipzig.de/wp-content/uploads/2022/06/Sophie-Orga-und-Jury-212x300.jpg" class="attachment-medium size-medium" alt="Bild von Sophie Meißner. Sie trägt einen hellgrauen Pullover und steht vor einem Bücherregal." srcset="https://visionale-leipzig.de/wp-content/uploads/2022/06/Sophie-Orga-und-Jury-212x300.jpg 212w, https://visionale-leipzig.de/wp-content/uploads/2022/06/Sophie-Orga-und-Jury-724x1024.jpg 724w, https://visionale-leipzig.de/wp-content/uploads/2022/06/Sophie-Orga-und-Jury-768x1086.jpg 768w, https://visionale-leipzig.de/wp-content/uploads/2022/06/Sophie-Orga-und-Jury-1087x1536.jpg 1087w, https://visionale-leipzig.de/wp-content/uploads/2022/06/Sophie-Orga-und-Jury.jpg 1240w" sizes="auto, (max-width: 212px) 100vw, 212px" /></a></p>

Bild von Sophie Meißner. Sie trägt einen hellgrauen Pullover und steht vor einem Bücherregal.
