{"id":1676,"date":"2020-06-14T21:28:35","date_gmt":"2020-06-14T19:28:35","guid":{"rendered":"http:\/\/neu.visionale-leipzig.de\/?page_id=1676"},"modified":"2025-01-27T19:36:50","modified_gmt":"2025-01-27T18:36:50","slug":"kontakt","status":"publish","type":"page","link":"https:\/\/visionale-leipzig.de\/ls\/kontakt\/","title":{"rendered":"Kontakt"},"content":{"rendered":"<div class=\"wpb-content-wrapper\"><p>[vc_row type=&#8221;vc_default&#8221; bg_type=&#8221;image&#8221; parallax_style=&#8221;vcpb-vz-jquery&#8221; bg_image_new=&#8221;id^1677|url^https:\/\/visionale-leipzig.de\/wp-content\/uploads\/2020\/06\/Header_Kontakt.jpg|caption^null|alt^null|title^Header_Kontakt|description^null&#8221; bg_image_repeat=&#8221;no-repeat&#8221; bg_override=&#8221;full&#8221; enable_overlay=&#8221;enable_overlay_value&#8221; overlay_color=&#8221;rgba(0,0,0,0.5)&#8221; css=&#8221;.vc_custom_1644062078534{margin-bottom: 10% !important;padding-right: 0px !important;padding-bottom: 50px !important;padding-left: 0px !important;background-color: #000000 !important;}&#8221;][vc_column css=&#8221;.vc_custom_1644061590199{padding-top: 20% !important;padding-bottom: 3% !important;}&#8221;][vc_row_inner][vc_column_inner]<div id=\"ultimate-heading-4369f72f59bb32f\" class=\"uvc-heading ult-adjust-bottom-margin ultimate-heading-4369f72f59bb32f uvc-5207 \" data-hspacer=\"no_spacer\"  data-halign=\"center\" style=\"text-align:center\"><div class=\"uvc-heading-spacer no_spacer\" style=\"top\"><\/div><div class=\"uvc-main-heading ult-responsive\"  data-ultimate-target='.uvc-heading.ultimate-heading-4369f72f59bb32f h2'  data-responsive-json-new='{\"font-size\":\"desktop:90px;tablet:80px;tablet_portrait:70px;mobile_landscape:60px;mobile:40px;\",\"line-height\":\"\"}' ><h2 style=\"--font-weight:theme;color:#ffffff;margin-bottom:15px;\">Kontakt<\/h2><\/div><\/div>[\/vc_column_inner][\/vc_row_inner][\/vc_column][\/vc_row][vc_row][vc_column]<div id=\"ultimate-heading-992469f72f59bb412\" class=\"uvc-heading ult-adjust-bottom-margin ultimate-heading-992469f72f59bb412 uvc-9341 accent-border-color\" data-hspacer=\"line_only\"  data-halign=\"left\" style=\"text-align:left\"><div class=\"uvc-main-heading ult-responsive\"  data-ultimate-target='.uvc-heading.ultimate-heading-992469f72f59bb412 h2'  data-responsive-json-new='{\"font-size\":\"desktop:46px;tablet_portrait:40px;\",\"line-height\":\"desktop:56px;tablet_portrait:50px;\"}' ><h2 style=\"--font-weight:theme;margin-bottom:15px;\">Kontakt<\/h2><\/div><div class=\"uvc-heading-spacer line_only\" style=\"margin-bottom:50px;height:6px;\"><span class=\"uvc-headings-line\" style=\"border-style:solid;border-bottom-width:6px;border-color:;width:70px;\"><\/span><\/div><\/div>[vc_row_inner css=&#8221;.vc_custom_1599329096806{margin-bottom: 100px !important;}&#8221;][vc_column_inner width=&#8221;1\/4&#8243;][vc_column_text css=&#8221;&#8221;]<\/p>\n<div class=\"elementor-element elementor-element-5eb3a28 elementor-column elementor-col-25 elementor-top-column\" data-id=\"5eb3a28\" data-element_type=\"column\">\n<div class=\"elementor-column-wrap elementor-element-populated\">\n<div class=\"elementor-widget-wrap\">\n<div class=\"elementor-element elementor-element-043138c elementor-widget elementor-widget-text-editor\" data-id=\"043138c\" data-element_type=\"widget\" data-widget_type=\"text-editor.default\">\n<div class=\"elementor-widget-container\">\n<div class=\"elementor-text-editor elementor-clearfix\">\n<div class=\"elementor-element elementor-element-66d0d3d elementor-column elementor-col-25 elementor-top-column\" data-id=\"66d0d3d\" data-element_type=\"column\">\n<div class=\"elementor-column-wrap elementor-element-populated\">\n<div class=\"elementor-widget-wrap\">\n<div class=\"elementor-element elementor-element-0cff64c elementor-widget elementor-widget-text-editor\" data-id=\"0cff64c\" data-element_type=\"widget\" data-widget_type=\"text-editor.default\">\n<div class=\"elementor-widget-container\">\n<div class=\"elementor-text-editor elementor-clearfix\">\n<div class=\"tg-footer-widget-area footer-sidebar-1\">\n<section id=\"text-6\" class=\"widget widget_text\">\n<div class=\"textwidget\">\n<div class=\"panel-pane pane-entity-field pane-node-body\">\n<div class=\"pane-content\">\n<div class=\"field field-name-body field-type-text-with-summary field-label-hidden\">\n<div class=\"field-items\">\n<div class=\"field-item even\">\n<h3>Medienp\u00e4dagogik e.V.<\/h3>\n<p>Projektb\u00fcro VISIONALE<br \/>\nB\u00fcro des Arbeitskreises Medienp\u00e4dagogik der Stadt Leipzig<br \/>\n<strong>Desiree Sander<\/strong><br \/>\n(2. Etage, Raum 2.14)<br \/>\nEmil-Fuchs-Str. 1<br \/>\n04105 Leipzig<\/p>\n<\/div>\n<\/div>\n<\/div>\n<\/div>\n<\/div>\n<\/div>\n<\/section>\n<\/div>\n<\/div>\n<\/div>\n<\/div>\n<\/div>\n<\/div>\n<\/div>\n<\/div>\n<\/div>\n<\/div>\n<\/div>\n<\/div>\n<\/div>\n<p>[\/vc_column_text][\/vc_column_inner][vc_column_inner width=&#8221;1\/4&#8243;]<div class=\"ult-spacer spacer-69f72f59bb46a\" data-id=\"69f72f59bb46a\" data-height=\"45\" data-height-mobile=\"8\" data-height-tab=\"45\" data-height-tab-portrait=\"45\" data-height-mobile-landscape=\"8\" style=\"clear:both;display:block;\"><\/div>[vc_column_text css=&#8221;&#8221;]<\/p>\n<div class=\"elementor-element elementor-element-5eb3a28 elementor-column elementor-col-25 elementor-top-column\" data-id=\"5eb3a28\" data-element_type=\"column\">\n<div class=\"elementor-column-wrap elementor-element-populated\">\n<div class=\"elementor-widget-wrap\">\n<div class=\"elementor-element elementor-element-043138c elementor-widget elementor-widget-text-editor\" data-id=\"043138c\" data-element_type=\"widget\" data-widget_type=\"text-editor.default\">\n<div class=\"elementor-widget-container\">\n<div class=\"elementor-text-editor elementor-clearfix\">\n<p><strong>B\u00fcrozeiten:<\/strong> Montag bis Mittwoch: 9.00 \u2013 15.00 Uhr<\/p>\n<div class=\"phelan-column-content-region phelan-column2 phelan-column panel-panel span6\">\n<div class=\"phelan-column-content-region-inner phelan-column2-inner phelan-column-inner panel-panel-inner\">\n<div class=\"panel-pane pane-fieldable-panels-pane pane-uuid-b2388f37-b235-4d59-8163-953f759f8bcc pane-bundle-text\">\n<div class=\"pane-content\">\n<div class=\"fieldable-panels-pane\">\n<div class=\"field field-name-field-basic-text-text field-type-text-long field-label-hidden\">\n<div class=\"field-items\">\n<div class=\"field-item even\">Tel.: 0341 97 35 878<\/div>\n<div class=\"field-item even\">Fax: 0341 97 35 859<\/div>\n<div class=\"field-item even\"><strong>Email<\/strong>:\u00a0<a class=\"mailto\" href=\"mailto:projektbuero@visionale-leipzig.de\"> projektbuero@visionale-leipzig.de<\/a><\/div>\n<\/div>\n<\/div>\n<\/div>\n<\/div>\n<\/div>\n<\/div>\n<\/div>\n<\/div>\n<\/div>\n<\/div>\n<\/div>\n<\/div>\n<\/div>\n<p>[\/vc_column_text]<div class=\"ult-spacer spacer-69f72f59bb48f\" data-id=\"69f72f59bb48f\" data-height=\"5\" data-height-mobile=\"30\" data-height-tab=\"30\" data-height-tab-portrait=\"30\" data-height-mobile-landscape=\"30\" style=\"clear:both;display:block;\"><\/div>[\/vc_column_inner][vc_column_inner width=&#8221;1\/4&#8243;][vc_column_text]<\/p>\n<h3>Veranstalter:<\/h3>\n<p><img loading=\"lazy\" decoding=\"async\" class=\"alignnone wp-image-1469 size-medium\" src=\"https:\/\/visionale-leipzig.de\/wp-content\/uploads\/2020\/06\/AK-Logo-Kopie-300x102.jpg\" alt=\"Arbeitskreis Medienp\u00e4dagogik der Stadt Leipzig\" width=\"300\" height=\"102\" srcset=\"https:\/\/visionale-leipzig.de\/wp-content\/uploads\/2020\/06\/AK-Logo-Kopie-300x102.jpg 300w, https:\/\/visionale-leipzig.de\/wp-content\/uploads\/2020\/06\/AK-Logo-Kopie-1024x348.jpg 1024w, https:\/\/visionale-leipzig.de\/wp-content\/uploads\/2020\/06\/AK-Logo-Kopie-768x261.jpg 768w, https:\/\/visionale-leipzig.de\/wp-content\/uploads\/2020\/06\/AK-Logo-Kopie.jpg 1165w\" sizes=\"auto, (max-width: 300px) 100vw, 300px\" \/>[\/vc_column_text][vc_empty_space height=&#8221;15&#8243;][vc_column_text]<\/p>\n<h3>In Zusammenarbeit mit:<\/h3>\n<p><img loading=\"lazy\" decoding=\"async\" class=\"alignnone wp-image-1476 size-medium\" src=\"https:\/\/visionale-leipzig.de\/wp-content\/uploads\/2020\/06\/Schriftzug-Schauspiel-Leipzig_nobel-300x35.jpg\" alt=\"Schauspiel Leipzig\" width=\"300\" height=\"35\" srcset=\"https:\/\/visionale-leipzig.de\/wp-content\/uploads\/2020\/06\/Schriftzug-Schauspiel-Leipzig_nobel-300x35.jpg 300w, https:\/\/visionale-leipzig.de\/wp-content\/uploads\/2020\/06\/Schriftzug-Schauspiel-Leipzig_nobel-1024x118.jpg 1024w, https:\/\/visionale-leipzig.de\/wp-content\/uploads\/2020\/06\/Schriftzug-Schauspiel-Leipzig_nobel-768x88.jpg 768w, https:\/\/visionale-leipzig.de\/wp-content\/uploads\/2020\/06\/Schriftzug-Schauspiel-Leipzig_nobel-1536x177.jpg 1536w, https:\/\/visionale-leipzig.de\/wp-content\/uploads\/2020\/06\/Schriftzug-Schauspiel-Leipzig_nobel.jpg 1580w\" sizes=\"auto, (max-width: 300px) 100vw, 300px\" \/> <img loading=\"lazy\" decoding=\"async\" class=\"alignnone wp-image-1468 size-medium\" src=\"https:\/\/visionale-leipzig.de\/wp-content\/uploads\/2020\/06\/Uni-Logo_WBM_UL_RGB_digital-300x126.jpg\" alt=\"Universit\u00e4t Leipzig\" width=\"300\" height=\"126\" srcset=\"https:\/\/visionale-leipzig.de\/wp-content\/uploads\/2020\/06\/Uni-Logo_WBM_UL_RGB_digital-300x126.jpg 300w, https:\/\/visionale-leipzig.de\/wp-content\/uploads\/2020\/06\/Uni-Logo_WBM_UL_RGB_digital.jpg 674w\" sizes=\"auto, (max-width: 300px) 100vw, 300px\" \/>[\/vc_column_text][\/vc_column_inner][vc_column_inner width=&#8221;1\/4&#8243;][vc_column_text]<\/p>\n<div class=\"elementor-element elementor-element-ffb1e0b elementor-widget elementor-widget-text-editor\" data-id=\"ffb1e0b\" data-element_type=\"widget\" data-widget_type=\"text-editor.default\">\n<div class=\"elementor-widget-container\">\n<div class=\"elementor-text-editor elementor-clearfix\">\n<h3>Projekttr\u00e4ger:<\/h3>\n<\/div>\n<\/div>\n<\/div>\n<p><img loading=\"lazy\" decoding=\"async\" class=\"alignnone wp-image-1473 size-medium\" src=\"https:\/\/visionale-leipzig.de\/wp-content\/uploads\/2020\/06\/Logo_farbe-300x200.jpg\" alt=\"Medienp\u00e4dagogik e.V.\" width=\"300\" height=\"200\" srcset=\"https:\/\/visionale-leipzig.de\/wp-content\/uploads\/2020\/06\/Logo_farbe-300x200.jpg 300w, https:\/\/visionale-leipzig.de\/wp-content\/uploads\/2020\/06\/Logo_farbe-1024x683.jpg 1024w, https:\/\/visionale-leipzig.de\/wp-content\/uploads\/2020\/06\/Logo_farbe-768x512.jpg 768w, https:\/\/visionale-leipzig.de\/wp-content\/uploads\/2020\/06\/Logo_farbe-391x260.jpg 391w, https:\/\/visionale-leipzig.de\/wp-content\/uploads\/2020\/06\/Logo_farbe.jpg 1417w\" sizes=\"auto, (max-width: 300px) 100vw, 300px\" \/>[\/vc_column_text][\/vc_column_inner][\/vc_row_inner][\/vc_column][\/vc_row]<\/p>\n<\/div>","protected":false},"excerpt":{"rendered":"<p>[vc_row type=&#8221;vc_default&#8221; bg_type=&#8221;image&#8221; parallax_style=&#8221;vcpb-vz-jquery&#8221; bg_image_new=&#8221;id^1677|url^https:\/\/visionale-leipzig.de\/wp-content\/uploads\/2020\/06\/Header_Kontakt.jpg|caption^null|alt^null|title^Header_Kontakt|description^null&#8221; bg_image_repeat=&#8221;no-repeat&#8221; bg_override=&#8221;full&#8221; enable_overlay=&#8221;enable_overlay_value&#8221; overlay_color=&#8221;rgba(0,0,0,0.5)&#8221; css=&#8221;.vc_custom_1644062078534{margin-bottom: 10% !important;padding-right: 0px !important;padding-bottom: 50px !important;padding-left: 0px !important;background-color: #000000 !important;}&#8221;][vc_column css=&#8221;.vc_custom_1644061590199{padding-top: 20% !important;padding-bottom: 3% !important;}&#8221;][vc_row_inner][vc_column_inner][\/vc_column_inner][\/vc_row_inner][\/vc_column][\/vc_row][vc_row][vc_column][vc_row_inner css=&#8221;.vc_custom_1599329096806{margin-bottom: 100px !important;}&#8221;][vc_column_inner width=&#8221;1\/4&#8243;][vc_column_text css=&#8221;&#8221;] Medienp\u00e4dagogik e.V. Projektb\u00fcro VISIONALE B\u00fcro des Arbeitskreises Medienp\u00e4dagogik der Stadt Leipzig Desiree Sander (2. Etage, Raum 2.14) Emil-Fuchs-Str. 1 04105 Leipzig [\/vc_column_text][\/vc_column_inner][vc_column_inner width=&#8221;1\/4&#8243;][vc_column_text css=&#8221;&#8221;] B\u00fcrozeiten:&hellip;<\/p>\n","protected":false},"author":1,"featured_media":0,"parent":0,"menu_order":0,"comment_status":"closed","ping_status":"closed","template":"","meta":{"footnotes":""},"class_list":["post-1676","page","type-page","status-publish","hentry","description-off"],"translation":{"provider":"WPGlobus","version":"3.0.2","language":"ls","enabled_languages":["de","ls"],"languages":{"de":{"title":true,"content":true,"excerpt":false},"ls":{"title":false,"content":false,"excerpt":false}}},"aioseo_notices":[],"_links":{"self":[{"href":"https:\/\/visionale-leipzig.de\/ls\/wp-json\/wp\/v2\/pages\/1676","targetHints":{"allow":["GET"]}}],"collection":[{"href":"https:\/\/visionale-leipzig.de\/ls\/wp-json\/wp\/v2\/pages"}],"about":[{"href":"https:\/\/visionale-leipzig.de\/ls\/wp-json\/wp\/v2\/types\/page"}],"author":[{"embeddable":true,"href":"https:\/\/visionale-leipzig.de\/ls\/wp-json\/wp\/v2\/users\/1"}],"replies":[{"embeddable":true,"href":"https:\/\/visionale-leipzig.de\/ls\/wp-json\/wp\/v2\/comments?post=1676"}],"version-history":[{"count":36,"href":"https:\/\/visionale-leipzig.de\/ls\/wp-json\/wp\/v2\/pages\/1676\/revisions"}],"predecessor-version":[{"id":7862,"href":"https:\/\/visionale-leipzig.de\/ls\/wp-json\/wp\/v2\/pages\/1676\/revisions\/7862"}],"wp:attachment":[{"href":"https:\/\/visionale-leipzig.de\/ls\/wp-json\/wp\/v2\/media?parent=1676"}],"curies":[{"name":"wp","href":"https:\/\/api.w.org\/{rel}","templated":true}]}}

<div class="wpb-content-wrapper"><p>[vc_row type=&#8221;vc_default&#8221; bg_type=&#8221;image&#8221; parallax_style=&#8221;vcpb-vz-jquery&#8221; bg_image_new=&#8221;id^1677|url^https://visionale-leipzig.de/wp-content/uploads/2020/06/Header_Kontakt.jpg|caption^null|alt^null|title^Header_Kontakt|description^null&#8221; bg_image_repeat=&#8221;no-repeat&#8221; bg_override=&#8221;full&#8221; enable_overlay=&#8221;enable_overlay_value&#8221; overlay_color=&#8221;rgba(0,0,0,0.5)&#8221; css=&#8221;.vc_custom_1644062078534{margin-bottom: 10% !important;padding-right: 0px !important;padding-bottom: 50px !important;padding-left: 0px !important;background-color: #000000 !important;}&#8221;][vc_column css=&#8221;.vc_custom_1644061590199{padding-top: 20% !important;padding-bottom: 3% !important;}&#8221;][vc_row_inner][vc_column_inner]<div id="ultimate-heading-4369f72f59bb32f" class="uvc-heading ult-adjust-bottom-margin ultimate-heading-4369f72f59bb32f uvc-5207 " data-hspacer="no_spacer"  data-halign="center" style="text-align:center"><div class="uvc-heading-spacer no_spacer" style="top"></div><div class="uvc-main-heading ult-responsive"  data-ultimate-target='.uvc-heading.ultimate-heading-4369f72f59bb32f h2'  data-responsive-json-new='{"font-size":"desktop:90px;tablet:80px;tablet_portrait:70px;mobile_landscape:60px;mobile:40px;","line-height":""}' ><h2 style="--font-weight:theme;color:#ffffff;margin-bottom:15px;">Kontakt</h2></div></div>[/vc_column_inner][/vc_row_inner][/vc_column][/vc_row][vc_row][vc_column]<div id="ultimate-heading-992469f72f59bb412" class="uvc-heading ult-adjust-bottom-margin ultimate-heading-992469f72f59bb412 uvc-9341 accent-border-color" data-hspacer="line_only"  data-halign="left" style="text-align:left"><div class="uvc-main-heading ult-responsive"  data-ultimate-target='.uvc-heading.ultimate-heading-992469f72f59bb412 h2'  data-responsive-json-new='{"font-size":"desktop:46px;tablet_portrait:40px;","line-height":"desktop:56px;tablet_portrait:50px;"}' ><h2 style="--font-weight:theme;margin-bottom:15px;">Kontakt</h2></div><div class="uvc-heading-spacer line_only" style="margin-bottom:50px;height:6px;"><span class="uvc-headings-line" style="border-style:solid;border-bottom-width:6px;border-color:;width:70px;"></span></div></div>[vc_row_inner css=&#8221;.vc_custom_1599329096806{margin-bottom: 100px !important;}&#8221;][vc_column_inner width=&#8221;1/4&#8243;][vc_column_text css=&#8221;&#8221;]</p>
<div class="elementor-element elementor-element-5eb3a28 elementor-column elementor-col-25 elementor-top-column" data-id="5eb3a28" data-element_type="column">
<div class="elementor-column-wrap elementor-element-populated">
<div class="elementor-widget-wrap">
<div class="elementor-element elementor-element-043138c elementor-widget elementor-widget-text-editor" data-id="043138c" data-element_type="widget" data-widget_type="text-editor.default">
<div class="elementor-widget-container">
<div class="elementor-text-editor elementor-clearfix">
<div class="elementor-element elementor-element-66d0d3d elementor-column elementor-col-25 elementor-top-column" data-id="66d0d3d" data-element_type="column">
<div class="elementor-column-wrap elementor-element-populated">
<div class="elementor-widget-wrap">
<div class="elementor-element elementor-element-0cff64c elementor-widget elementor-widget-text-editor" data-id="0cff64c" data-element_type="widget" data-widget_type="text-editor.default">
<div class="elementor-widget-container">
<div class="elementor-text-editor elementor-clearfix">
<div class="tg-footer-widget-area footer-sidebar-1">
<section id="text-6" class="widget widget_text">
<div class="textwidget">
<div class="panel-pane pane-entity-field pane-node-body">
<div class="pane-content">
<div class="field field-name-body field-type-text-with-summary field-label-hidden">
<div class="field-items">
<div class="field-item even">
<h3>Medienpädagogik e.V.</h3>
<p>Projektbüro VISIONALE<br />
Büro des Arbeitskreises Medienpädagogik der Stadt Leipzig<br />
<strong>Desiree Sander</strong><br />
(2. Etage, Raum 2.14)<br />
Emil-Fuchs-Str. 1<br />
04105 Leipzig</p>
</div>
</div>
</div>
</div>
</div>
</div>
</section>
</div>
</div>
</div>
</div>
</div>
</div>
</div>
</div>
</div>
</div>
</div>
</div>
</div>
<p>[/vc_column_text][/vc_column_inner][vc_column_inner width=&#8221;1/4&#8243;]<div class="ult-spacer spacer-69f72f59bb46a" data-id="69f72f59bb46a" data-height="45" data-height-mobile="8" data-height-tab="45" data-height-tab-portrait="45" data-height-mobile-landscape="8" style="clear:both;display:block;"></div>[vc_column_text css=&#8221;&#8221;]</p>
<div class="elementor-element elementor-element-5eb3a28 elementor-column elementor-col-25 elementor-top-column" data-id="5eb3a28" data-element_type="column">
<div class="elementor-column-wrap elementor-element-populated">
<div class="elementor-widget-wrap">
<div class="elementor-element elementor-element-043138c elementor-widget elementor-widget-text-editor" data-id="043138c" data-element_type="widget" data-widget_type="text-editor.default">
<div class="elementor-widget-container">
<div class="elementor-text-editor elementor-clearfix">
<p><strong>Bürozeiten:</strong> Montag bis Mittwoch: 9.00 – 15.00 Uhr</p>
<div class="phelan-column-content-region phelan-column2 phelan-column panel-panel span6">
<div class="phelan-column-content-region-inner phelan-column2-inner phelan-column-inner panel-panel-inner">
<div class="panel-pane pane-fieldable-panels-pane pane-uuid-b2388f37-b235-4d59-8163-953f759f8bcc pane-bundle-text">
<div class="pane-content">
<div class="fieldable-panels-pane">
<div class="field field-name-field-basic-text-text field-type-text-long field-label-hidden">
<div class="field-items">
<div class="field-item even">Tel.: 0341 97 35 878</div>
<div class="field-item even">Fax: 0341 97 35 859</div>
<div class="field-item even"><strong>Email</strong>: <a class="mailto" href="mailto:projektbuero@visionale-leipzig.de"> projektbuero@visionale-leipzig.de</a></div>
</div>
</div>
</div>
</div>
</div>
</div>
</div>
</div>
</div>
</div>
</div>
</div>
</div>
<p>[/vc_column_text]<div class="ult-spacer spacer-69f72f59bb48f" data-id="69f72f59bb48f" data-height="5" data-height-mobile="30" data-height-tab="30" data-height-tab-portrait="30" data-height-mobile-landscape="30" style="clear:both;display:block;"></div>[/vc_column_inner][vc_column_inner width=&#8221;1/4&#8243;][vc_column_text]</p>
<h3>Veranstalter:</h3>
<p><img loading="lazy" decoding="async" class="alignnone wp-image-1469 size-medium" src="https://visionale-leipzig.de/wp-content/uploads/2020/06/AK-Logo-Kopie-300x102.jpg" alt="Arbeitskreis Medienpädagogik der Stadt Leipzig" width="300" height="102" srcset="https://visionale-leipzig.de/wp-content/uploads/2020/06/AK-Logo-Kopie-300x102.jpg 300w, https://visionale-leipzig.de/wp-content/uploads/2020/06/AK-Logo-Kopie-1024x348.jpg 1024w, https://visionale-leipzig.de/wp-content/uploads/2020/06/AK-Logo-Kopie-768x261.jpg 768w, https://visionale-leipzig.de/wp-content/uploads/2020/06/AK-Logo-Kopie.jpg 1165w" sizes="auto, (max-width: 300px) 100vw, 300px" />[/vc_column_text][vc_empty_space height=&#8221;15&#8243;][vc_column_text]</p>
<h3>In Zusammenarbeit mit:</h3>
<p><img loading="lazy" decoding="async" class="alignnone wp-image-1476 size-medium" src="https://visionale-leipzig.de/wp-content/uploads/2020/06/Schriftzug-Schauspiel-Leipzig_nobel-300x35.jpg" alt="Schauspiel Leipzig" width="300" height="35" srcset="https://visionale-leipzig.de/wp-content/uploads/2020/06/Schriftzug-Schauspiel-Leipzig_nobel-300x35.jpg 300w, https://visionale-leipzig.de/wp-content/uploads/2020/06/Schriftzug-Schauspiel-Leipzig_nobel-1024x118.jpg 1024w, https://visionale-leipzig.de/wp-content/uploads/2020/06/Schriftzug-Schauspiel-Leipzig_nobel-768x88.jpg 768w, https://visionale-leipzig.de/wp-content/uploads/2020/06/Schriftzug-Schauspiel-Leipzig_nobel-1536x177.jpg 1536w, https://visionale-leipzig.de/wp-content/uploads/2020/06/Schriftzug-Schauspiel-Leipzig_nobel.jpg 1580w" sizes="auto, (max-width: 300px) 100vw, 300px" /> <img loading="lazy" decoding="async" class="alignnone wp-image-1468 size-medium" src="https://visionale-leipzig.de/wp-content/uploads/2020/06/Uni-Logo_WBM_UL_RGB_digital-300x126.jpg" alt="Universität Leipzig" width="300" height="126" srcset="https://visionale-leipzig.de/wp-content/uploads/2020/06/Uni-Logo_WBM_UL_RGB_digital-300x126.jpg 300w, https://visionale-leipzig.de/wp-content/uploads/2020/06/Uni-Logo_WBM_UL_RGB_digital.jpg 674w" sizes="auto, (max-width: 300px) 100vw, 300px" />[/vc_column_text][/vc_column_inner][vc_column_inner width=&#8221;1/4&#8243;][vc_column_text]</p>
<div class="elementor-element elementor-element-ffb1e0b elementor-widget elementor-widget-text-editor" data-id="ffb1e0b" data-element_type="widget" data-widget_type="text-editor.default">
<div class="elementor-widget-container">
<div class="elementor-text-editor elementor-clearfix">
<h3>Projektträger:</h3>
</div>
</div>
</div>
<p><img loading="lazy" decoding="async" class="alignnone wp-image-1473 size-medium" src="https://visionale-leipzig.de/wp-content/uploads/2020/06/Logo_farbe-300x200.jpg" alt="Medienpädagogik e.V." width="300" height="200" srcset="https://visionale-leipzig.de/wp-content/uploads/2020/06/Logo_farbe-300x200.jpg 300w, https://visionale-leipzig.de/wp-content/uploads/2020/06/Logo_farbe-1024x683.jpg 1024w, https://visionale-leipzig.de/wp-content/uploads/2020/06/Logo_farbe-768x512.jpg 768w, https://visionale-leipzig.de/wp-content/uploads/2020/06/Logo_farbe-391x260.jpg 391w, https://visionale-leipzig.de/wp-content/uploads/2020/06/Logo_farbe.jpg 1417w" sizes="auto, (max-width: 300px) 100vw, 300px" />[/vc_column_text][/vc_column_inner][/vc_row_inner][/vc_column][/vc_row]</p>
</div>

<p>[vc_row type=&#8221;vc_default&#8221; bg_type=&#8221;image&#8221; parallax_style=&#8221;vcpb-vz-jquery&#8221; bg_image_new=&#8221;id^1677|url^https://visionale-leipzig.de/wp-content/uploads/2020/06/Header_Kontakt.jpg|caption^null|alt^null|title^Header_Kontakt|description^null&#8221; bg_image_repeat=&#8221;no-repeat&#8221; bg_override=&#8221;full&#8221; enable_overlay=&#8221;enable_overlay_value&#8221; overlay_color=&#8221;rgba(0,0,0,0.5)&#8221; css=&#8221;.vc_custom_1644062078534{margin-bottom: 10% !important;padding-right: 0px !important;padding-bottom: 50px !important;padding-left: 0px !important;background-color: #000000 !important;}&#8221;][vc_column css=&#8221;.vc_custom_1644061590199{padding-top: 20% !important;padding-bottom: 3% !important;}&#8221;][vc_row_inner][vc_column_inner][/vc_column_inner][/vc_row_inner][/vc_column][/vc_row][vc_row][vc_column][vc_row_inner css=&#8221;.vc_custom_1599329096806{margin-bottom: 100px !important;}&#8221;][vc_column_inner width=&#8221;1/4&#8243;][vc_column_text css=&#8221;&#8221;] Medienpädagogik e.V. Projektbüro VISIONALE Büro des Arbeitskreises Medienpädagogik der Stadt Leipzig Desiree Sander (2. Etage, Raum 2.14) Emil-Fuchs-Str. 1 04105 Leipzig [/vc_column_text][/vc_column_inner][vc_column_inner width=&#8221;1/4&#8243;][vc_column_text css=&#8221;&#8221;] Bürozeiten:&hellip;</p>
